en 277 is divided by 19.
11
Calculate the remainder when 200023 is divided by 5406.
1
Calculate the remainder when 2192 is divided by 582.
446
Calculate the remainder when 6175 is divided by 713.
471
Calculate the remainder when 4131 is divided by 48.
3
Calculate the remainder when 10472 is divided by 5230.
12
Calculate the remainder when 1652761 is divided by 7.
5
Calculate the remainder when 105176 is divided by 26144.
600
Calculate the remainder when 25803 is divided by 12807.
189
Calculate the remainder when 15879 is divided by 1983.
15
What is the remainder when 1845857 is divided by 85?
82
Calculate the remainder when 663491 is divided by 527.
525
What is the remainder when 13747 is divided by 14?
13
Calculate the remainder when 9235 is divided by 71.
5
What is the remainder when 370597 is divided by 850?
847
What is the remainder when 17952 is divided by 67?
63
Calculate the remainder when 59680 is divided by 1705.
5
Calculate the remainder when 8936 is divided by 609.
410
What is the remainder when 90082 is divided by 6005?
7
What is the remainder when 342601 is divided by 51?
34
What is the remainder when 4954 is divided by 100?
54
Calculate the remainder when 1291 is divided by 143.
4
What is the remainder when 552734 is divided by 276366?
2
What is the remainder when 9168 is divided by 193?
97
Calculate the remainder when 783 is divided by 488.
295
Calculate the remainder when 122801 is divided by 30659.
165
Calculate the remainder when 1839929 is divided by 1532.
1529
Calculate the remainder when 11200 is divided by 286.
46
Calculate the remainder when 1771 is divided by 139.
103
Calculate the remainder when 107669 is divided by 485.
484
Calculate the remainder when 140947 is divided by 47.
41
Calculate the remainder when 290940 is divided by 334.
26
What is the remainder when 37822 is divided by 12603?
13
Calculate the remainder when 390 is divided by 107.
69
Calculate the remainder when 13016 is divided by 241.
2
Calculate the remainder when 16650 is divided by 2378.
4
Calculate the remainder when 1159 is divided by 19.
0
What is the remainder when 104989 is divided by 1117?
1108
Calculate the remainder when 3524105 is divided by 602.
599
What is the remainder when 14181 is divided by 25?
6
What is the remainder when 11918 is divided by 98?
60
What is the remainder when 89673 is divided by 846?
843
What is the remainder when 190992 is divided by 47?
31
Calculate the remainder when 15947 is divided by 2666.
2617
Calculate the remainder when 86326 is divided by 4534.
180
What is the remainder when 44898 is divided by 1403?
2
Calculate the remainder when 25347 is divided by 302.
281
What is the remainder when 34225 is divided by 30?
25
What is the remainder when 9240 is divided by 4607?
26
What is the remainder when 2612581 is divided by 870856?
13
Calculate the remainder when 7033 is divided by 1395.
58
What is the remainder when 4472 is divided by 1473?
53
What is the remainder when 6621 is divided by 3291?
39
What is the remainder when 5021 is divided by 4856?
165
What is the remainder when 144335 is divided by 18039?
23
Calculate the remainder when 4837 is divided by 346.
339
What is the remainder when 771875 is divided by 517?
511
What is the remainder when 228 is divided by 23?
21
What is the remainder when 419 is divided by 29?
13
What is the remainder when 34846 is divided by 1115?
281
What is the remainder when 7516 is divided by 939?
4
Calculate the remainder when 2623 is divided by 417.
121
Calculate the remainder when 6518 is divided by 47.
32
What is the remainder when 117238 is divided by 336?
310
Calculate the remainder when 64555 is divided by 32272.
11
Calculate the remainder when 250479 is divided by 420.
159
What is the remainder when 3211 is divided by 45?
16
What is the remainder when 1346622 is divided by 11917?
1
Calculate the remainder when 3132 is divided by 704.
316
Calculate the remainder when 1712 is divided by 332.
52
Calculate the remainder when 2265 is divided by 2130.
135
What is the remainder when 2025 is divided by 1003?
19
What is the remainder when 2088 is divided by 416?
8
Calculate the remainder when 3030 is divided by 234.
222
What is the remainder when 16804 is divided by 5600?
4
What is the remainder when 2011 is divided by 934?
143
What is the remainder when 9728 is divided by 263?
260
What is the remainder when 4336 is divided by 150?
136
Calculate the remainder when 6377 is divided by 59.
5
Calculate the remainder when 126677 is divided by 38.
23
Calculate the remainder when 248858 is divided by 202.
196
What is the remainder when 997 is divided by 444?
109
Calculate the remainder when 704041 is divided by 22.
19
Calculate the remainder when 6047 is divided by 833.
216
Calculate the remainder when 3457 is divided by 483.
76
What is the remainder when 10809 is divided by 3599?
12
Calculate the remainder when 45962 is divided by 3359.
2295
What is the remainder when 32408 is divided by 900?
8
Calculate the remainder when 14199 is divided by 949.
913
Calculate the remainder when 28984 is divided by 849.
118
What is the remainder when 1333 is divided by 640?
53
Calculate the remainder when 8238 is divided by 26.
22
Calculate the remainder when 208576 is divided by 5.
1
Calculate the remainder when 7297 is divided by 215.
202
What is the remainder when 37860 is divided by 45?
15
Calculate the remainder when 25808 is divided by 186.
140
Calculate the remainder when 260692 is divided by 158.
150
What is the remainder when 2238 is divided by 277?
22
Calculate the remainder when 544707 is divided by 8646.
9
What is the remainder when 16910 is divided by 16870?
40
Calculate the remainder when 144722 is divided by 82.
74
What is the remainder when 5858 is divided by 5846?
12
Calculate the remainder when 2639 is divided by 102.
89
Calculate the remainder when 1936 is divided by 109.
83
Calculate the remainder when 35308 is divided by 580.
508
What is the remainder when 16079 is divided by 2640?
239
Calculate the remainder when 95011 is divided by 55.
26
What is the remainder when 28534 is divided by 246?
244
Calculate the remainder when 2737 is divided by 119.
0
Calculate the remainder when 25563 is divided by 107.
97
Calculate the remainder when 196 is divided by 10.
6
What is the remainder when 1509118 is divided by 643?
640
What is the remainder when 56260 is divided by 14040?
100
Calculate the remainder when 2017 is divided by 1904.
113
Calculate the remainder when 677676 is divided by 49.
6
Calculate the remainder when 732 is divided by 72.
12
Calculate the remainder when 4525 is divided by 461.
376
Calculate the remainder when 61380 is divided by 35.
25
Calculate the remainder when 364 is divided by 240.
124
What is the remainder when 245150 is divided by 437?
430
Calculate the remainder when 6877 is divided by 79.
4
What is the remainder when 28488 is divided by 210?
138
What is the remainder when 28300 is divided by 28251?
49
Calculate the remainder when 20656 is divided by 377.
298
What is the remainder when 3994 is divided by 607?
352
What is the remainder when 3060 is divided by 40?
20
Calculate the remainder when 2003 is divided by 864.
275
What is the remainder when 32050 is divided by 10?
0
Calculate the remainder when 4517 is divided by 266.
261
What is the remainder when 5088 is divided by 7?
6
Calculate the remainder when 5510 is divided by 2755.
0
What is the remainder when 35798 is divided by 1085?
1078
What is the remainder when 195763 is divided by 48936?
19
What is the remainder when 1101 is divided by 145?
86
Calculate the remainder when 702 is divided by 354.
348
What is the remainder when 3986 is divided by 160?
146
Calculate the remainder when 2141 is divided by 74.
69
What is the remainder when 141758 is divided by 12887?
1
Calculate the remainder when 157538 is divided by 52501.
35
Calculate the remainder when 56287 is divided by 14064.
31
What is the remainder when 7042871 is divided by 21?
17
Calculate the remainder when 2005 is divided by 36.
25
What is the remainder when 392161 is divided by 29?
23
What is the remainder when 73125 is divided by 39?
0
What is the remainder when 175554 is divided by 1439?
1435
Calculate the remainder when 117230 is divided by 39068.
